9*i + o*i. What is the units digit of i?
6
Suppose 0 = -4*f - 5*y - 4, 12 = -4*f + y - 4*y. What is the tens digit of 3/f*(6 - 232)?
1
Let j(y) = 92*y**2 + 3*y. Let x be j(-2). Suppose -4*o + x = -886. What is the tens digit of o?
1
Suppose -59*y - 35804 = -63*y - 4*d, y - 4*d - 8981 = 0. What is the hundreds digit of y?
9
What is the units digit of -4 + 111/(-74)*(-107906)/3?
9
Suppose -3*p = n - 19, 146 + 29 = 5*n - 5*p. Let y = n - -10. What is the units digit of y?
1
Let t(c) = -c**3 - 26*c**2 - 583*c - 67. What is the units digit of t(-28)?
5
Suppose 4*i = 2*t + 16, -3*t - t = -i - 3. Suppose 0 = -4*p + 4*b + 368, 4*b + b = -i. Let z = p + 17. What is the units digit of z?
8
Let s(m) = -m**2 - 2*m + 143. Let u be s(-24). Let z = 221 - u. What is the hundreds digit of z?
6
What is the hundreds digit of -1 + 2674*(-3 + 10)?
7
What is the hundreds digit of (-7596)/(-9)*(-45)/(-20)?
8
Let i be (-19)/(-2)*(-42 - -2). Let n = i - -261. Let c = 219 + n. What is the units digit of c?
0
Let n = -70007 - -101158. What is the thousands digit of n?
1
Let s = -1604 + 718. Let b = s + 1838. What is the tens digit of b?
5
Suppose -n + 147223 = 5*j, 0 = -3*j + n + 34505 + 53816. What is the tens digit of j?
4
Suppose -5*a + 28*o = 30*o - 15251, -2*o = 2*a - 6098. What is the thousands digit of a?
3
Let c be -3 - -1 - (-9 + 4). Suppose 4887 = 3*i - c*t, -5*t - 4 - 11 = 0. What is the hundreds digit of i?
6
Suppose 545*t - 69320 = 537*t. What is the units digit of t?
5
Suppose 4*a + 3*a - 5*a = 0. Suppose -5*p + 12 + 8 = a. Suppose -5*j - 550 = -5*t, t - 4*t - p*j + 344 = 0. What is the tens digit of t?
1
Let x(p) = 20*p**2 + 10*p - 21. Let t(g) = g**2 - 15*g - 31. Suppose -5*h = -55 - 30. Let l be t(h). What is the units digit of x(l)?
9
Let c(z) = 2*z**2 - 6*z + 6. Suppose 5*b + 11 = 4*w, -w - 2*b - 2 = -2*w. Let u be (-200)/(-35) - w/(-14). What is the tens digit of c(u)?
4
Let w = 65 + -43. Suppose -w*z = -31*z + 873. What is the units digit of z?
7
Let c(f) = -f**3 - 9*f**2 - 15*f + 8. Let w be c(-7). Let v(g) = -g + w*g + g + 5 + 3. What is the units digit of v(2)?
8
Let m(p) = 1177*p**2 + 467*p - 16. What is the hundreds digit of m(-6)?
5
Let k(d) = -d**3 + 20*d**2 - 33*d - 5. Let t be k(17). What is the units digit of (12 + 1 + -12)/(1/t)?
1
Let x(w) = 7081*w + 119. What is the units digit of x(1)?
0
Let k = -17 - -17. Suppose 0*o + 3*o + 354 = k. Let v = 221 + o. What is the units digit of v?
3
Suppose 0 = 11*k - 8*k - 456. Let a be (5/2)/((-1)/k*-4). Suppose -4*w - a = -q, -5*w + 36 = -5*q + 436. What is the units digit of q?
5
Let c(t) = 54*t + 480. What is the thousands digit of c(11)?
1
Let x(h) = -431*h + 423. What is the tens digit of x(-8)?
7
Let v(p) = -4*p**3 + 2*p**2 - 4*p - 9. Let o be v(3). Let g = 225 + o. What is the tens digit of g?
1
Let h(i) = -i**2 - 9*i - 17. Let x be h(-5). Suppose 4*y - j - 819 = -215, 0 = x*j. What is the hundreds digit of y?
1
Let n(v) = -v**2 + 10*v - 5. Let o be n(8). Suppose y = 2*p - o - 10, 2*p = 5*y + 89. Let r(m) = m**2 + 9*m + 27. What is the tens digit of r(y)?
6
Let b(t) = -2*t**2 - 23*t + 32. Let m be b(-12). Let o(u) = 11*u + 23. Let i be o(m). Let q = i + -5. What is the tens digit of q?
3
Let v = 165 - 164. What is the tens digit of ((-56)/(-10))/((-7)/(-175)) + v?
4
Let p = 15118 - 6572. What is the tens digit of p?
4
Let h(p) = 124*p + 1666. What is the thousands digit of h(55)?
8
Suppose -5*v = -5, w + 3*w - 3*v = -387. Let u be 2/3*(-16)/(w/3195). Let y = u + -199. What is the units digit of y?
6
Suppose 18*q - 34*q = -64. Suppose 3*g = -p + 39, 0 = 9*p - q*p + 3*g - 183. What is the tens digit of p?
3
Suppose 471 = -3*k + s, 2*k + 2*s - 5*s = -321. Let i = 5 - k. What is the tens digit of i?
6
Let g = -84122 - -137003. What is the ten thousands digit of g?
5
Let x(q) = -12*q + 67. Let n be x(5). Suppose -n*g - 37*g + 13376 = 0. What is the tens digit of g?
0
Let k(d) be the first derivative of -d**4/2 - 4*d**3/3 - 3*d**2/2 - 6*d + 176. Let z be 10/(-3) + (-1)/(-3). What is the tens digit of k(z)?
2
Let j = 7792 + -3309. What is the tens digit of j?
8
Let i(l) = 108*l**2 + 63*l + 684. What is the thousands digit of i(-19)?
8
Let o(v) = 17*v**3 - 7*v**2 + 9*v - 6. Let t be 868/186 - 2/3. What is the hundreds digit of o(t)?
0
Suppose 195*r = 3754223 + 496192. What is the ten thousands digit of r?
2
Let u = -21654 - -60254. What is the ten thousands digit of u?
3
Let f = 1379 - 306. Suppose -15*u = -6367 - f. What is the units digit of u?
6
Let k(w) = -1079*w - 223. What is the thousands digit of k(-8)?
8
Let y = 159 - 154. Suppose -6*r + 2*k + 1766 = -4*r, 0 = -y*k. What is the tens digit of r?
8
Let s(r) = -r**3 + 5*r**2 - 6. Let q be s(4). Let b be (-6)/q - (-35)/(-25). What is the tens digit of 3556/98 - b/(-7)?
3
Suppose -2*l - 5670 + 24644 = -20264. What is the hundreds digit of l?
6
Let y(n) = -n**2 - n + 1. Let w(x) = 6 - 7*x**2 + 3 - 4*x + 0 - 8. Let j(o) = -w(o) + 3*y(o). What is the units digit of j(-4)?
2
Let m = 772 - 351. Suppose 6*n - 7*n - 289 = 0. Let s = n + m. What is the units digit of s?
2
Let d = -1362 + 2954. Suppose -d*y + 1587*y + 5175 = 0. What is the hundreds digit of y?
0
Let m(z) = -56*z + 28. Let r be m(15). Let s = -453 - r. What is the tens digit of s?
5
Let z = -6995 - -12039. What is the hundreds digit of z?
0
Suppose 0 = -2*f - 35 - 55. Let u = 47 + f. Suppose -2*t = u*t - 812. What is the units digit of t?
3
Let o(w) = 2*w**2 - 21*w - 63. Suppose -h = 4*z + 109 - 8, 2*z + h = -49. What is the hundreds digit of o(z)?
8
Let k = -409 + 396. Let x(f) = -4*f**3 - 45*f**2 + 6*f + 15. What is the hundreds digit of x(k)?
1
Let i = -210 + 12576. What is the units digit of i?
6
Let s(k) = -11*k - 28. Let n = -38 - -27. Let j be s(n). Let u = 169 - j. What is the tens digit of u?
7
Let y(u) be the third derivative of u**5/20 - 5*u**4/24 + 4*u**3/3 + 2*u**2 + 57*u. What is the hundreds digit of y(-9)?
2
Suppose -17412*g + 77251 = -17345*g. What is the tens digit of g?
5
Let w(o) = 12*o**3 + 38*o**2 - 119*o - 285. What is the thousands digit of w(12)?
4
Let o(p) = 19*p + 271. Let a(q) = -18*q - 268. Let w(j) = -4*a(j) - 3*o(j). What is the units digit of w(-10)?
9
Let k = 14802 + -3650. Suppose k = 5*z + 707. What is the units digit of z?
9
Suppose -2*b - 156 = x, 4*x - 5*b = -7*b - 624. Let j be 2*((-18)/(-4))/(-1). Let z = j - x. What is the units digit of z?
7
Let a = 154 + -132. Let s(h) = h**3 - 21*h**2 - 14*h - 15. What is the tens digit of s(a)?
6
Let z(p) = -200*p + 1849. What is the units digit of z(7)?
9
Let v(p) = p**3 + 5*p**2 - 7*p + 14. What is the thousands digit of v(12)?
2
Suppose 4*l - 10690 = 5*k, -8014 = -2*l - l + 2*k. What is the tens digit of l?
7
What is the thousands digit of 39432/465*925/20?
3
Let r be (-1)/2 + 40/(-80). What is the hundreds digit of ((-11337)/57)/r - 6/(-57)?
1
Let k(m) = m + 322. Let z(v) = v + 80. Let o(p) = -6*k(p) + 22*z(p). What is the units digit of o(37)?
0
Let q(o) = o**3 - 23*o**2 + 26*o + 44. Suppose 17 = 32*i - 687. What is the units digit of q(i)?
2
Let w be -3*(3/(-18))/((-3)/(-12)). Suppose 7*d - 55 = w*d + 5*m, m + 23 = 2*d. What is the units digit of 0 - (-1 + -85) - (d + -14)?
8
Let j(u) = -531*u - 7946. What is the tens digit of j(-72)?
8
Let x = 3670 + 6281. What is the tens digit of x?
5
Let x(h) = -h**3 - 26*h**2 - 48*h - 86. Let n be x(-28). Suppose -m = -t + 703, -6*m = 4*t - 3*m - n. What is the units digit of t?
5
Let p(l) = 114*l - 541. What is the units digit of p(29)?
5
Let a(x) = -15*x - 4 + x**3 + 10*x + 9*x. Let m be (-12)/(9 + -5)*-2. What is the hundreds digit of a(m)?
2
Let v(c) = -c**3 - c**2 - 3*c - 1. Let t be v(-1). Suppose 0 = 6*u - t*u + 360. Let x = -38 - u. What is the tens digit of x?
5
Let i(a) = -2*a**3 + 4*a**2 + 9*a + 25. Let f be i(-4). Let d = f - -119. What is the hundreds digit of d?
3
Suppose 49*s = 118540 - 19462. Suppose 2*q - 6*u - 1358 = 0, -4*u - s = -8*q + 5*q. What is the units digit of q?
0
Let y(c) = c**3 + 16*c**2 + 15*c + 7. Let a be y(-15). Suppose a*w - 3*w = 12, 3*h - w - 450 = 0. What is the units digit of h?
1
Suppose -115*l - 649908 = -124*l. What is the thousands digit of l?
2
Let v = 570 + -567. Suppose -3*j - 2*j + 5*r + 2960 = 0, -5*j - v*r = -3000. 